{"id":40551,"date":"2021-01-11T14:06:28","date_gmt":"2021-01-11T13:06:28","guid":{"rendered":"https:\/\/fahlenofsweden.com\/futura-fiber-hair-care-styling\/"},"modified":"2024-07-15T17:54:57","modified_gmt":"2024-07-15T15:54:57","slug":"futura-fiber-hair-care-styling","status":"publish","type":"page","link":"https:\/\/fahlenofsweden.com\/en\/futura-fiber-hair-care-styling\/","title":{"rendered":"Futura Fiber Hair Care &amp; Styling"},"content":{"rendered":"\t\t<div data-elementor-type=\"wp-page\" data-elementor-id=\"40551\" class=\"elementor elementor-40551 elementor-30492\" data-elementor-post-type=\"page\">\n\t\t\t\t\t\t<section class=\"elementor-section elementor-top-section elementor-element elementor-element-3548fdf elementor-section-boxed elementor-section-height-default elementor-section-height-default\" data-id=\"3548fdf\" data-element_type=\"section\" data-e-type=\"section\">\n\t\t\t\t\t\t<div class=\"elementor-container elementor-column-gap-default\">\n\t\t\t\t\t<div class=\"elementor-column elementor-col-100 elementor-top-column elementor-element elementor-element-5792d37\" data-id=\"5792d37\" data-element_type=\"column\" data-e-type=\"column\">\n\t\t\t<div class=\"elementor-widget-wrap elementor-element-populated\">\n\t\t\t\t\t\t<div class=\"elementor-element elementor-element-fb122ee elementor-widget elementor-widget-heading\" data-id=\"fb122ee\" data-element_type=\"widget\" data-e-type=\"widget\" data-widget_type=\"heading.default\">\n\t\t\t\t<div class=\"elementor-widget-container\">\n\t\t\t\t\t<h2 class=\"elementor-heading-title elementor-size-default\">LUXURY FIBER HAIR CARE &amp; STYLING<\/h2>\t\t\t\t<\/div>\n\t\t\t\t<\/div>\n\t\t\t\t\t<\/div>\n\t\t<\/div>\n\t\t\t\t\t<\/div>\n\t\t<\/section>\n\t\t\t\t<section class=\"elementor-section elementor-top-section elementor-element elementor-element-2429029f elementor-section-boxed elementor-section-height-default elementor-section-height-default\" data-id=\"2429029f\" data-element_type=\"section\" data-e-type=\"section\">\n\t\t\t\t\t\t<div class=\"elementor-container elementor-column-gap-default\">\n\t\t\t\t\t<div class=\"elementor-column elementor-col-100 elementor-top-column elementor-element elementor-element-1243f000\" data-id=\"1243f000\" data-element_type=\"column\" data-e-type=\"column\">\n\t\t\t<div class=\"elementor-widget-wrap elementor-element-populated\">\n\t\t\t\t\t\t<div class=\"elementor-element elementor-element-3bb858a6 elementor-widget elementor-widget-text-editor\" data-id=\"3bb858a6\" data-element_type=\"widget\" data-e-type=\"widget\" data-widget_type=\"text-editor.default\">\n\t\t\t\t<div class=\"elementor-widget-container\">\n\t\t\t\t\t\t\t\t\t<p>Our luxury fiber hair is the most affordable hair made from the highest quality Futura heat resistant fiber.<br>The most appealing thing about fiber hair is that it can be worn straight out of the box with little or no styling.<\/p>\n<p>The fiber used has &#8220;memory&#8221; for wave, curl and volume, allowing the hair to bounce back into place with minimal effort. The curl pattern is permanently set. It can even last in bad weather.<\/p>\n<p>Depending on how much you wear it, how you wear it and how you treat it, the lifespan is around 6 months or more.<\/p>\n<p>If you want to see more information, you can visit our pages;<\/p>\n<p style=\"text-align: center;\"><a href=\"https:\/\/fahlenofsweden.com\/fiber-harvard-styling-tips\/harvardinstruktioner-guide\/\">HAIR CARE INSTRUCTIONS<\/a><\/p>\n<p><a href=\"https:\/\/fahlenofsweden.com\/fiber-harvard-styling-tips\/futura-hair-faq\/\">FAQ<\/a><\/p>\n<p style=\"text-align: center;\"> <\/p>\t\t\t\t\t\t\t\t<\/div>\n\t\t\t\t<\/div>\n\t\t\t\t\t<\/div>\n\t\t<\/div>\n\t\t\t\t\t<\/div>\n\t\t<\/section>\n\t\t\t\t<\/div>\n\t\t","protected":false},"excerpt":{"rendered":"<p>LUXURY FIBER HAIR CARE &amp; STYLING Our luxury fiber hair is the most affordable hair made from the highest quality Futura heat resistant fiber.The most appealing thing about fiber hair is that it can be worn straight out of the box with little or no styling. The fiber used has &#8220;memory&#8221; for wave, curl and [&hellip;]<\/p>\n","protected":false},"author":0,"featured_media":0,"parent":0,"menu_order":0,"comment_status":"closed","ping_status":"closed","template":"","meta":{"jetpack_post_was_ever_published":false,"footnotes":""},"class_list":["post-40551","page","type-page","status-publish","hentry"],"yoast_head":"<!-- This site is optimized with the Yoast SEO Premium plugin v26.3 (Yoast SEO v27.3) - https:\/\/yoast.com\/product\/yoast-seo-premium-wordpress\/ -->\n<title>Fiber Hair care &amp; styling tips | FAHL\u00c9N OF SWEDEN<\/title>\n<meta name=\"description\" content=\"Fiber Hair Care &amp; Styling Tips - Wigs and loose hair, you need to take care of it by washing it regularly.\" \/>\n<meta name=\"robots\" content=\"index, follow, max-snippet:-1, max-image-preview:large, max-video-preview:-1\" \/>\n<link rel=\"canonical\" href=\"https:\/\/fahlenofsweden.com\/en\/futura-fiber-hair-care-styling\/\" \/>\n<meta property=\"og:locale\" content=\"en_US\" \/>\n<meta property=\"og:type\" content=\"article\" \/>\n<meta property=\"og:title\" content=\"Futura Fiber Hair Care &amp; Styling\" \/>\n<meta property=\"og:description\" content=\"Fiber Hair Care &amp; Styling Tips - Wigs and loose hair, you need to take care of it by washing it regularly.\" \/>\n<meta property=\"og:url\" content=\"https:\/\/fahlenofsweden.com\/en\/futura-fiber-hair-care-styling\/\" \/>\n<meta property=\"og:site_name\" content=\"FAHL\u00c9N OF SWEDEN\" \/>\n<meta property=\"article:publisher\" content=\"https:\/\/www.facebook.com\/FahlenOfSwedenFos\/\" \/>\n<meta property=\"article:modified_time\" content=\"2024-07-15T15:54:57+00:00\" \/>\n<meta name=\"twitter:card\" content=\"summary_large_image\" \/>\n<meta name=\"twitter:label1\" content=\"Est. reading time\" \/>\n\t<meta name=\"twitter:data1\" content=\"1 minute\" \/>\n<script type=\"application\/ld+json\" class=\"yoast-schema-graph\">{\"@context\":\"https:\\\/\\\/schema.org\",\"@graph\":[{\"@type\":\"WebPage\",\"@id\":\"https:\\\/\\\/fahlenofsweden.com\\\/en\\\/futura-fiber-hair-care-styling\\\/\",\"url\":\"https:\\\/\\\/fahlenofsweden.com\\\/en\\\/futura-fiber-hair-care-styling\\\/\",\"name\":\"Fiber Hair care & styling tips | FAHL\u00c9N OF SWEDEN\",\"isPartOf\":{\"@id\":\"http:\\\/\\\/fahlenofsweden.com\\\/en\\\/#website\"},\"datePublished\":\"2021-01-11T13:06:28+00:00\",\"dateModified\":\"2024-07-15T15:54:57+00:00\",\"description\":\"Fiber Hair Care & Styling Tips - Wigs and loose hair, you need to take care of it by washing it regularly.\",\"breadcrumb\":{\"@id\":\"https:\\\/\\\/fahlenofsweden.com\\\/en\\\/futura-fiber-hair-care-styling\\\/#breadcrumb\"},\"inLanguage\":\"en-US\",\"potentialAction\":[{\"@type\":\"ReadAction\",\"target\":[\"https:\\\/\\\/fahlenofsweden.com\\\/en\\\/futura-fiber-hair-care-styling\\\/\"]}]},{\"@type\":\"BreadcrumbList\",\"@id\":\"https:\\\/\\\/fahlenofsweden.com\\\/en\\\/futura-fiber-hair-care-styling\\\/#breadcrumb\",\"itemListElement\":[{\"@type\":\"ListItem\",\"position\":1,\"name\":\"Hem\",\"item\":\"https:\\\/\\\/fahlenofsweden.com\\\/en\\\/fos-home\\\/\"},{\"@type\":\"ListItem\",\"position\":2,\"name\":\"Futura Fiber Hair Care &amp; Styling\"}]},{\"@type\":\"WebSite\",\"@id\":\"http:\\\/\\\/fahlenofsweden.com\\\/en\\\/#website\",\"url\":\"http:\\\/\\\/fahlenofsweden.com\\\/en\\\/\",\"name\":\"FAHL\u00c9N OF SWEDEN AB\",\"description\":\"FAHL\u00c9N OF SWEDEN | Officiell hemsida | H\u00e5r, Sk\u00f6nhet, Mode &amp; Livsstil.\",\"publisher\":{\"@id\":\"http:\\\/\\\/fahlenofsweden.com\\\/en\\\/#organization\"},\"potentialAction\":[{\"@type\":\"SearchAction\",\"target\":{\"@type\":\"EntryPoint\",\"urlTemplate\":\"http:\\\/\\\/fahlenofsweden.com\\\/en\\\/?s={search_term_string}\"},\"query-input\":{\"@type\":\"PropertyValueSpecification\",\"valueRequired\":true,\"valueName\":\"search_term_string\"}}],\"inLanguage\":\"en-US\"},{\"@type\":\"Organization\",\"@id\":\"http:\\\/\\\/fahlenofsweden.com\\\/en\\\/#organization\",\"name\":\"FAHL\u00c9N OF SWEDEN AB\",\"url\":\"http:\\\/\\\/fahlenofsweden.com\\\/en\\\/\",\"logo\":{\"@type\":\"ImageObject\",\"inLanguage\":\"en-US\",\"@id\":\"http:\\\/\\\/fahlenofsweden.com\\\/en\\\/#\\\/schema\\\/logo\\\/image\\\/\",\"url\":\"https:\\\/\\\/fahlenofsweden.com\\\/wp-content\\\/uploads\\\/2024\\\/04\\\/2-e1712925412402.png\",\"contentUrl\":\"https:\\\/\\\/fahlenofsweden.com\\\/wp-content\\\/uploads\\\/2024\\\/04\\\/2-e1712925412402.png\",\"width\":2400,\"height\":1153,\"caption\":\"FAHL\u00c9N OF SWEDEN AB\"},\"image\":{\"@id\":\"http:\\\/\\\/fahlenofsweden.com\\\/en\\\/#\\\/schema\\\/logo\\\/image\\\/\"},\"sameAs\":[\"https:\\\/\\\/www.facebook.com\\\/FahlenOfSwedenFos\\\/\",\"https:\\\/\\\/www.instagram.com\\\/fahlenofsweden\\\/\"]}]}<\/script>\n<!-- \/ Yoast SEO Premium plugin. -->","yoast_head_json":{"title":"Fiber Hair care & styling tips | FAHL\u00c9N OF SWEDEN","description":"Fiber Hair Care & Styling Tips - Wigs and loose hair, you need to take care of it by washing it regularly.","robots":{"index":"index","follow":"follow","max-snippet":"max-snippet:-1","max-image-preview":"max-image-preview:large","max-video-preview":"max-video-preview:-1"},"canonical":"https:\/\/fahlenofsweden.com\/en\/futura-fiber-hair-care-styling\/","og_locale":"en_US","og_type":"article","og_title":"Futura Fiber Hair Care &amp; Styling","og_description":"Fiber Hair Care & Styling Tips - Wigs and loose hair, you need to take care of it by washing it regularly.","og_url":"https:\/\/fahlenofsweden.com\/en\/futura-fiber-hair-care-styling\/","og_site_name":"FAHL\u00c9N OF SWEDEN","article_publisher":"https:\/\/www.facebook.com\/FahlenOfSwedenFos\/","article_modified_time":"2024-07-15T15:54:57+00:00","twitter_card":"summary_large_image","twitter_misc":{"Est. reading time":"1 minute"},"schema":{"@context":"https:\/\/schema.org","@graph":[{"@type":"WebPage","@id":"https:\/\/fahlenofsweden.com\/en\/futura-fiber-hair-care-styling\/","url":"https:\/\/fahlenofsweden.com\/en\/futura-fiber-hair-care-styling\/","name":"Fiber Hair care & styling tips | FAHL\u00c9N OF SWEDEN","isPartOf":{"@id":"http:\/\/fahlenofsweden.com\/en\/#website"},"datePublished":"2021-01-11T13:06:28+00:00","dateModified":"2024-07-15T15:54:57+00:00","description":"Fiber Hair Care & Styling Tips - Wigs and loose hair, you need to take care of it by washing it regularly.","breadcrumb":{"@id":"https:\/\/fahlenofsweden.com\/en\/futura-fiber-hair-care-styling\/#breadcrumb"},"inLanguage":"en-US","potentialAction":[{"@type":"ReadAction","target":["https:\/\/fahlenofsweden.com\/en\/futura-fiber-hair-care-styling\/"]}]},{"@type":"BreadcrumbList","@id":"https:\/\/fahlenofsweden.com\/en\/futura-fiber-hair-care-styling\/#breadcrumb","itemListElement":[{"@type":"ListItem","position":1,"name":"Hem","item":"https:\/\/fahlenofsweden.com\/en\/fos-home\/"},{"@type":"ListItem","position":2,"name":"Futura Fiber Hair Care &amp; Styling"}]},{"@type":"WebSite","@id":"http:\/\/fahlenofsweden.com\/en\/#website","url":"http:\/\/fahlenofsweden.com\/en\/","name":"FAHL\u00c9N OF SWEDEN AB","description":"FAHL\u00c9N OF SWEDEN | Officiell hemsida | H\u00e5r, Sk\u00f6nhet, Mode &amp; Livsstil.","publisher":{"@id":"http:\/\/fahlenofsweden.com\/en\/#organization"},"potentialAction":[{"@type":"SearchAction","target":{"@type":"EntryPoint","urlTemplate":"http:\/\/fahlenofsweden.com\/en\/?s={search_term_string}"},"query-input":{"@type":"PropertyValueSpecification","valueRequired":true,"valueName":"search_term_string"}}],"inLanguage":"en-US"},{"@type":"Organization","@id":"http:\/\/fahlenofsweden.com\/en\/#organization","name":"FAHL\u00c9N OF SWEDEN AB","url":"http:\/\/fahlenofsweden.com\/en\/","logo":{"@type":"ImageObject","inLanguage":"en-US","@id":"http:\/\/fahlenofsweden.com\/en\/#\/schema\/logo\/image\/","url":"https:\/\/fahlenofsweden.com\/wp-content\/uploads\/2024\/04\/2-e1712925412402.png","contentUrl":"https:\/\/fahlenofsweden.com\/wp-content\/uploads\/2024\/04\/2-e1712925412402.png","width":2400,"height":1153,"caption":"FAHL\u00c9N OF SWEDEN AB"},"image":{"@id":"http:\/\/fahlenofsweden.com\/en\/#\/schema\/logo\/image\/"},"sameAs":["https:\/\/www.facebook.com\/FahlenOfSwedenFos\/","https:\/\/www.instagram.com\/fahlenofsweden\/"]}]}},"jetpack_sharing_enabled":true,"_links":{"self":[{"href":"https:\/\/fahlenofsweden.com\/en\/wp-json\/wp\/v2\/pages\/40551","targetHints":{"allow":["GET"]}}],"collection":[{"href":"https:\/\/fahlenofsweden.com\/en\/wp-json\/wp\/v2\/pages"}],"about":[{"href":"https:\/\/fahlenofsweden.com\/en\/wp-json\/wp\/v2\/types\/page"}],"replies":[{"embeddable":true,"href":"https:\/\/fahlenofsweden.com\/en\/wp-json\/wp\/v2\/comments?post=40551"}],"version-history":[{"count":1,"href":"https:\/\/fahlenofsweden.com\/en\/wp-json\/wp\/v2\/pages\/40551\/revisions"}],"predecessor-version":[{"id":40552,"href":"https:\/\/fahlenofsweden.com\/en\/wp-json\/wp\/v2\/pages\/40551\/revisions\/40552"}],"wp:attachment":[{"href":"https:\/\/fahlenofsweden.com\/en\/wp-json\/wp\/v2\/media?parent=40551"}],"curies":[{"name":"wp","href":"https:\/\/api.w.org\/{rel}","templated":true}]}}

<!-- This site is optimized with the Yoast SEO Premium plugin v26.3 (Yoast SEO v27.3) - https://yoast.com/product/yoast-seo-premium-wordpress/ -->
<title>Fiber Hair care &amp; styling tips | FAHLÉN OF SWEDEN</title>
<meta name="description" content="Fiber Hair Care &amp; Styling Tips - Wigs and loose hair, you need to take care of it by washing it regularly." />
<meta name="robots" content="index, follow, max-snippet:-1, max-image-preview:large, max-video-preview:-1" />
<link rel="canonical" href="https://fahlenofsweden.com/en/futura-fiber-hair-care-styling/" />
<meta property="og:locale" content="en_US" />
<meta property="og:type" content="article" />
<meta property="og:title" content="Futura Fiber Hair Care &amp; Styling" />
<meta property="og:description" content="Fiber Hair Care &amp; Styling Tips - Wigs and loose hair, you need to take care of it by washing it regularly." />
<meta property="og:url" content="https://fahlenofsweden.com/en/futura-fiber-hair-care-styling/" />
<meta property="og:site_name" content="FAHLÉN OF SWEDEN" />
<meta property="article:publisher" content="https://www.facebook.com/FahlenOfSwedenFos/" />
<meta property="article:modified_time" content="2024-07-15T15:54:57+00:00" />
<meta name="twitter:card" content="summary_large_image" />
<meta name="twitter:label1" content="Est. reading time" />
	<meta name="twitter:data1" content="1 minute" />
<script type="application/ld+json" class="yoast-schema-graph">{"@context":"https:\/\/schema.org","@graph":[{"@type":"WebPage","@id":"https:\/\/fahlenofsweden.com\/en\/futura-fiber-hair-care-styling\/","url":"https:\/\/fahlenofsweden.com\/en\/futura-fiber-hair-care-styling\/","name":"Fiber Hair care & styling tips | FAHLÉN OF SWEDEN","isPartOf":{"@id":"http:\/\/fahlenofsweden.com\/en\/#website"},"datePublished":"2021-01-11T13:06:28+00:00","dateModified":"2024-07-15T15:54:57+00:00","description":"Fiber Hair Care & Styling Tips - Wigs and loose hair, you need to take care of it by washing it regularly.","breadcrumb":{"@id":"https:\/\/fahlenofsweden.com\/en\/futura-fiber-hair-care-styling\/#breadcrumb"},"inLanguage":"en-US","potentialAction":[{"@type":"ReadAction","target":["https:\/\/fahlenofsweden.com\/en\/futura-fiber-hair-care-styling\/"]}]},{"@type":"BreadcrumbList","@id":"https:\/\/fahlenofsweden.com\/en\/futura-fiber-hair-care-styling\/#breadcrumb","itemListElement":[{"@type":"ListItem","position":1,"name":"Hem","item":"https:\/\/fahlenofsweden.com\/en\/fos-home\/"},{"@type":"ListItem","position":2,"name":"Futura Fiber Hair Care &amp; Styling"}]},{"@type":"WebSite","@id":"http:\/\/fahlenofsweden.com\/en\/#website","url":"http:\/\/fahlenofsweden.com\/en\/","name":"FAHLÉN OF SWEDEN AB","description":"FAHLÉN OF SWEDEN | Officiell hemsida | Hår, Skönhet, Mode &amp; Livsstil.","publisher":{"@id":"http:\/\/fahlenofsweden.com\/en\/#organization"},"potentialAction":[{"@type":"SearchAction","target":{"@type":"EntryPoint","urlTemplate":"http:\/\/fahlenofsweden.com\/en\/?s={search_term_string}"},"query-input":{"@type":"PropertyValueSpecification","valueRequired":true,"valueName":"search_term_string"}}],"inLanguage":"en-US"},{"@type":"Organization","@id":"http:\/\/fahlenofsweden.com\/en\/#organization","name":"FAHLÉN OF SWEDEN AB","url":"http:\/\/fahlenofsweden.com\/en\/","logo":{"@type":"ImageObject","inLanguage":"en-US","@id":"http:\/\/fahlenofsweden.com\/en\/#\/schema\/logo\/image\/","url":"https:\/\/fahlenofsweden.com\/wp-content\/uploads\/2024\/04\/2-e1712925412402.png","contentUrl":"https:\/\/fahlenofsweden.com\/wp-content\/uploads\/2024\/04\/2-e1712925412402.png","width":2400,"height":1153,"caption":"FAHLÉN OF SWEDEN AB"},"image":{"@id":"http:\/\/fahlenofsweden.com\/en\/#\/schema\/logo\/image\/"},"sameAs":["https:\/\/www.facebook.com\/FahlenOfSwedenFos\/","https:\/\/www.instagram.com\/fahlenofsweden\/"]}]}</script>
<!-- / Yoast SEO Premium plugin. -->

Fiber Hair care & styling tips | FAHLÉN OF SWEDEN

FAHLÉN OF SWEDEN

FAHLÉN OF SWEDEN AB

FAHLÉN OF SWEDEN | Officiell hemsida | Hår, Skönhet, Mode &amp; Livsstil.
